-275
Let n(a) = -a**3 + 12*a**2 - 32*a + 44. Determine n(13).
-541
Let o(l) = -134*l - 819. What is o(-7)?
119
Let w(o) = 7*o**3 - 7*o**2 + 17*o + 26. Calculate w(4).
430
Let d(v) = -v**3 + 31*v**2 + 78*v + 809. What is d(34)?
-7
Let m(v) = 256*v + 5115. Give m(-20).
-5
Let q(x) = -x**3 - 25*x**2 + 184*x - 54. What is q(-31)?
8
Let h(i) = -112*i - 3124. What is h(-28)?
12
Let u(c) = 25*c + 1531. Calculate u(-63).
-44
Let j(a) = 66*a - 2087. What is j(31)?
-41
Let m(p) = -6*p**2 - 57*p - 72. Give m(-10).
-102
Let v(a) = a**3 + 18*a**2 - 196*a - 35. Calculate v(8).
61
Let n(c) = -c**3 + 41*c**2 - 18*c - 525. Determine n(40).
355
Let j(a) = -3*a**2 + 107*a - 850. What is j(24)?
-10
Let o(g) = g**2 - 318*g - 27. What is o(0)?
-27
Let p(d) = d**3 + 4*d**2 - 39*d + 129. Calculate p(5).
159
Let s(p) = p**2 + 212*p + 2783. Calculate s(-14).
11
Let l(v) = 35*v + 1930. Give l(-55).
5
Let m(u) = 1625*u + 25993. Calculate m(-16).
-7
Let i(q) = -q**3 + 36*q**2 + 121*q + 7. What is i(-3)?
-5
Let c(t) = 3*t**2 - 138*t + 141. Determine c(45).
6
Let u(z) = 13*z**2 + 197*z + 1218. Calculate u(-6).
504
Let d(y) = y**3 + 4*y**2 - 33*y - 105. Determine d(-5).
35
Let z(c) = -97*c - 641. What is z(-6)?
-59
Let h(l) = 2*l**2 - 29*l - 11. Determine h(14).
-25
Let o(p) = p**3 - 15*p**2 - 35*p - 23. What is o(17)?
-40
Let c(o) = 112*o - 2. Give c(-2).
-226
Let p(n) = 4*n**2 + 10*n - 32. Determine p(6).
172
Let w(b) = -2*b**3 - 6*b**2 + 33*b - 33. What is w(6)?
-483
Let v(c) = -c**3 + 51*c**2 - 34*c - 810. What is v(50)?
-10
Let b(q) = 35*q + 249. What is b(-5)?
74
Let j(q) = 135*q - 416. What is j(3)?
-11
Let g(r) = -r**3 + 10*r**2 - 27*r + 11. Calculate g(4).
-1
Let r(a) = -73*a + 199. What is r(9)?
-458
Let j(z) = z**2 - 30*z - 2169. Determine j(-34).
7
Let n(q) = q**3 + 17*q**2 + 33*q + 57. Give n(-15).
12
Let v(c) = -c**2 - c - 69. What is v(-22)?
-531
Let t(s) = -s**3 - 19*s**2 - 31*s - 103. Calculate t(-18).
131
Let i(x) = 2*x**2 + 122*x - 7254. What is i(-98)?
-2
Let k(d) = d**3 - 24*d**2 + 25*d - 50. Give k(23).
-4
Let f(z) = -z**3 + 35*z**2 + 109*z - 1305. Give f(37).
-10
Let s(j) = -j**3 + 37*j**2 + 97*j - 2325. What is s(38)?
-83
Let g(a) = -a**2 - 304*a - 8230. Calculate g(-30).
-10
Let v(m) = -243*m + 1458. Determine v(6).
0
Let a(l) = 4*l**2 + 11*l - 16. Determine a(-6).
62
Let p(h) = -208*h**2 + 2705*h + 15. Calculate p(13).
28
Let i(c) = -2*c**3 + 3*c**2 + 77*c + 16. Give i(0).
16
Let p(x) = -6*x**2 + 23*x + 64. What is p(-2)?
-6
Let p(t) = -2*t**2 - 135*t + 416. Give p(3).
-7
Let i(w) = -w**2 + 13*w + 295. Give i(-12).
-5
Let o(p) = -6*p**2 + 10*p + 14. Give o(7).
-210
Let o(x) = -2*x**3 - 24*x**2 - 9*x - 113. Calculate o(-12).
-5
Let i(k) = 56*k - 147. Calculate i(3).
21
Let v(y) = -1777*y - 7131. Give v(-4).
-23
Let g(o) = 61*o**3 - 2*o**2 + 6*o + 8. What is g(-1)?
-61
Let q(y) = 30*y**2 + y + 4. Determine q(2).
126
Let j(t) = -t**2 + 16*t + 1302. Calculate j(45).
-3
Let m(l) = 128*l + 378. What is m(-3)?
-6
Let g(z) = 110*z + 895. What is g(-8)?
15
Let r(w) = -56*w - 57. What is r(-7)?
335
Let y(l) = -395*l + 6. Calculate y(0).
6
Let a(z) = 4*z**2 + 15*z - 17. What is a(-7)?
74
Let x(c) = -51*c - 55. Give x(-2).
47
Let k(n) = -2*n**3 + 31*n**2 - 11*n - 31. Determine k(15).
29
Let l(b) = -4*b**2 - 11*b - 12. Determine l(6).
-222
Let a(f) = f**3 - 5*f**2 - 5*f - 8. What is a(4)?
-44
Let s(p) = -3*p**3 - 41*p**2 - 109*p. Give s(-10).
-10
Let b(x) = -4*x**2 - 29*x - 174. Determine b(-6).
-144
Let a(h) = -2*h**2 - 17*h + 367. Calculate a(8).
103
Let d(c) = c**3 - 19*c**2 - 86*c + 165. Calculate d(-5).
-5
Let k(f) = 6*f**3 + 3*f**2 - 12*f - 12. Give k(3).
141
Let f(b) = 2*b**2 - 132*b - 427. Calculate f(69).
-13
Let f(b) = -b**2 - 11*b + 222. Give f(13).
-90
Let b(w) = 8*w**2 + 274*w + 66. Determine b(-34).
-2
Let b(s) = 337*s - 5417. What is b(16)?
-25
Let d(p) = -378*p - 2248. Give d(-6).
20
Let q(a) = 14*a - 917. Calculate q(67).
21
Let d(i) = -6*i**3 + 16*i**2 - 23*i - 9. Determine d(4).
-229
Let r(p) = 33*p - 78. Determine r(13).
351
Let m(r) = 2*r**2 - 113*r + 787. What is m(7)?
94
Let m(t) = 3*t**2 - 3*t - 151. What is m(0)?
-151
Let x(q) = -25*q - 1356. Determine x(-50).
-106
Let v(x) = 4*x**2 + 56*x + 241. What is v(-7)?
45
Let f(p) = 200*p + 1477. Determine f(-6).
277
Let c(r) = -96*r - 4231. Give c(-44).
-7
Let a(c) = -4*c**3 - 8*c**2 + 2*c + 9. What is a(-1)?
3
Let n(d) = -22*d + 152. What is n(14)?
-156
Let k(q) = -37*q**2 - 119*q - 28. Calculate k(-3).
-4
Let w(g) = -3*g**3 - 572*g**2 + 764*g - 768. Calculate w(-192).
0
Let q(r) = -8*r**2 + 21*r + 72. Determine q(-3).
-63
Let i(t) = 3*t**3 - 59*t**2 - 327*t + 6139. Determine i(20).
-1
Let g(h) = h**3 + 39*h**2 + 151*h - 33. Determine g(-34).
613
Let d(h) = h**3 - 15*h**2 + 57*h + 23. Determine d(15).
878
Let u(w) = 95*w - 2638. Give u(28).
22
Let z(u) = u**3 - 6*u**2 - 55*u + 387. Give z(7).
51
Let a(y) = -y**3 - 32*y**2 - 67*y + 97. What is a(-29)?
-483
Let r(h) = 3*h**3 - h**2 + 8*h + 9. Give r(-2).
-35
Let p(a) = -a**2 - 45*a - 191. Determine p(-28).
285
Let p(m) = 4*m**2 + 74*m - 14. Calculate p(-21).
196
Let b(i) = i**3 + 41*i**2 + 413*i + 20. Calculate b(-18).
38
Let z(u) = u**2 - 15*u - 13. What is z(16)?
3
Let k(r) = 216*r - 3532. What is k(16)?
-76
Let v(k) = -10944*k + 65667. What is v(6)?
3
Let o(s) = -s**2 - 382*s - 2250. What is o(-6)?
6
Let b(v) = -v**3 - 19*v**2 - 55*v - 46. Determine b(-16).
66
Let i(z) = z**3 + 30*z**2 - 53*z - 2384. What is i(-29)?
-6
Let k(x) = x**2 + 322*x + 12700. Determine k(-46).
4
Let m(g) = g**2 - 84*g - 4152. What is m(-35)?
13
Let m(d) = -31*d**2 + 924*d + 28. Calculate m(30).
-152
Let l(d) = -d**3 - 38*d**2 - 37*d + 4. What is l(-37)?
4
Let k(o) = 2*o**3 - 606*o - 605. What is k(-1)?
-1
Let j(s) = s**3 - 38*s**2 + 3*s - 94. Calculate j(38).
20
Let z(c) = -c**3 + 38*c**2 + 127*c - 6075. Calculate z(37).
-7
Let c(g) = 2*g**2 + 18*g - 126. Give c(-13).
-22
Let s(c) = 8*c**2 - 314*c + 91. What is s(39)?
13
Let z(c) = 380*c - 1908. Determine z(5).
-8
Let q(h) = -52*h + 221. Calculate q(7).
-143
Let a(t) = -983*t + 7388. Determine a(7).
507
Let r(d) = 5*d**2 - 80. Determine r(6).
100
Let x(j) = -32*j - 1533. Calculate x(-48).
3
Let a(b) = b**3 + 6*b**2 - 20*b + 47. Calculate a(-9).
-16
Let o(u) = -u**3 - 50*u**2 - 49*u + 5. Calculate o(-49).
5
Let f(r) = -2059*r + 4043. Determine f(2).
-75
Let i(j) = -3*j**2 + 71*j + 293. What is i(27)?
23
Let t(b) = 13*b**2 - 5*b - 1. What is t(-2)?
61
Let a(x) = x**2 - 84*x + 454. What is a(7)?
-85
Let p(z) = -z**3 + 10*z**2 + 8*z - 74. Give p(10).
6
Let q(y) = -3*y**3 + 5*y**2 + 10*y - 11. What is q(4)?
-83
Let k(i) = -i**3 - 3*i**2 - 30*i - 65. Give k(-2).
-9
Let a(p) = p**3 + 18*p**2 + 15*p - 24. Give a(-17).
10
Let i(x) = -167*x - 11655. What is i(-70)?
35
Let o(k) = -k**3 + 52*k**2 - 272*k + 64. Give o(46).
248
Let d(w) = -19*w + 2. Give d(-4).
78
Let l(c) = 2*c**3 - 2*c**2 - 2*c + 9. Calculate l(0).
9
Let y(k) = k**3 - 12*k**2 - 12*k - 177. Give y(14).
47
Let a(q) = 1436*q - 8619. Calculate a(6).
-3
Let c(l) = -l**3 - 11*l**2 - 18*l + 53. Calculate c(-8).
5
Let p(l) = -l**3 + 8*l**2 + 12*l + 12. Calculate p(-5).
277
Let z(m) = 13*m + 255. Give z(-23).
-44
Let s(b) = 34*b**2 - 319*b + 120. Calculate s(9).
3
Let l(u) = -u**3 - 25*u**2 + 23*u + 7. Give l(-26).
85
Let v(y) = -y**3 + 8*y**2 + 5*y - 91. Give v(6).
11
Let y(r) = r**3 + 30*r**2 + 86*r + 144. Calculate y(-27).
9
Let j(a) = -720*a - 2595. What is j(-4)?
285
Let r(o) = -4*o - 65. Determine r(-20).
15
Let x(j) = 16*j + 10. Give x(0).
10
Let m(g) = -g**3 - 22*g**2 - 42*g - 22. Calculate m(-20).
18
Let p(n) = 214*n + 1211. What is p(-6)?
-73
Let o(g) = -13*g - 330. What is o(-28)?
34
Let b(y) = -21*y**3 - 41*y**2 + 3*y - 4. Give b(-4).
672
Let j(t) = t**2 + 51*t - 717. What is j(-65)?
193
Let i(r) = -r**3 + 12*r**2 - 6*r - 35. What is i(12)?
-107
Let t(c) = c**3 + 13*c**2 - 49*c + 22. What is t(-14)?
512
Let d(f) = -21*f - 1229. Determine d(-59).
10
Let d(s) = s**3 + 231*s + 466. Calculate d(-2).
-4
Let c(i) = -i**2 + 44*i - 487. Calculate c(23).
-4
Let a(d) = -d**3 - 6*d**2 + 18*d + 18. Give a(-7).
-59
Let c(u) = u**3 + 83*u**2 - 93*u - 30. What is c(-84)?
726
Let a(c) = -25*c - 61. What is a(-2)?
-11
Let b(t) = -4*t**2 - 278*t - 666. Give b(-67).
4
Let 